Let p = 181 - 179. Suppose -4*r - 3*k + 294 = -1669, -p*r + k = -979. What is the tens digit of r?
9
Let t = -149 + 51. Let f = t - -108. Suppose 7*g = f*g - 36. What is the tens digit of g?
1
Let j be -2 + 410 + 3*(4 + -5). Let z = j - -174. What is the units digit of z?
9
Suppose 42 = 16*n - 9*n. Let x be (0 - n/14) + 367/7. What is the units digit of 11/13 + 8/x?
1
Suppose -55*d + 665175 = -6*d. Suppose -d - 1289 = -16*y. What is the tens digit of y?
2
Suppose 1393 = -3*a + 4*a + 5*h, 5*h = -3*a + 4219. Suppose c = 4*c - a. What is the hundreds digit of c?
4
Let n(x) be the third derivative of -x**6/120 - 8*x**5/15 + 23*x**4/12 - 61*x**3/6 - 6*x**2 + 7*x. What is the hundreds digit of n(-34)?
6
Suppose 15*f - 8*f - 3521 = 0. Suppose i = h - 159 + 668, -2*h + f = i. What is the tens digit of i?
0
Suppose 4*w = -b + 2578, 5*b - 3*w - 229 = 12776. Suppose 0 = 3*o + 4*x - b + 651, -o + x = -642. Suppose 8*k = 3*k + o. What is the hundreds digit of k?
1
Let z be (-750 - 43) + -1*4 + -2. Let m = 380 - z. What is the tens digit of m?
7
Suppose -524 = -3*t - 2*f, 0*f + 2 = -f. Let u be ((-1630)/100 + 16)*-10. Suppose -o + 3*g + t = 0, g + u*g = o - 175. What is the units digit of o?
9
Let j = 9 - 53. Let u = 37 - j. Suppose -78*z = -u*z + 114. What is the units digit of z?
8
What is the thousands digit of -10 - -7 - -7 - (-3 - 12018)?
2
Suppose 0 = -4*d + 23 + 29. Let t = 3 - d. What is the tens digit of 168/15*-1*t/2?
5
What is the tens digit of (12562/8)/(((-15)/1980)/(13/(-39)))?
9
Let o(f) = 65*f + 337. Let l be o(0). Let z = l + 459. What is the units digit of z?
6
Suppose -4*b = -s + 138, 0 = -2*s + 11*b - 7*b + 276. What is the hundreds digit of s?
1
Suppose -4*h = 4*v + 12, 3*h - 4*v + 5*v = -7. Let p be 1/h + 22/4. Suppose -11*q + 552 = -p*q. What is the units digit of q?
2
Let l(n) be the second derivative of 11*n**4/6 - n**3/2 + 9*n**2/2 + 42*n. What is the tens digit of l(6)?
8
Suppose -4*x - 21 = -149. Suppose -p + x = 28. Suppose -p*a + 3*b + 206 = -2*a, -465 = -5*a - 5*b. What is the units digit of a?
7
Suppose -463*d - 178434 = -482*d - 5249. What is the units digit of d?
5
Suppose 67*m - 50*m + 24*m = 950339. What is the units digit of m?
9
Let p be ((-2)/(-3))/(40/(-6) - -6). What is the hundreds digit of -139*(-2)/(((-2)/p)/1)?
1
Let l(q) = -284*q**3 + 8*q**2 + 6*q + 31. What is the thousands digit of l(-4)?
8
Suppose 0 = 56*h - 59*h + 6. Let j(w) be the second derivative of 21*w**3/2 + 5*w**2/2 + 5*w. What is the hundreds digit of j(h)?
1
Suppose 3*g - h - h = 12, 2*g - 2*h - 10 = 0. Suppose -b - 73 = 5*t, 0*t = -g*b + 2*t - 206. Let l = b + 243. What is the hundreds digit of l?
1
Suppose -4376 = -m - 2*f + 295, 2*f + 23391 = 5*m. What is the units digit of m?
7
Let a = 3134 - -10925. What is the units digit of a?
9
Let o = 29661 + -19655. What is the ten thousands digit of o?
1
Let p = -53 - -58. Suppose -2*d = -5*z + 2*d + 62, -p*d = 2*z - 5. Suppose 0 = 2*g - 3*u - 7, -z = -g - 5*u - 0. What is the units digit of g?
5
Suppose -4*w + 6577 = 1341. Let d = w + -491. What is the tens digit of d?
1
Let w be (21/12 + -4)*4/(-3). Suppose -14*g = 2*z - 16*g - 726, -w*g + 6 = 0. What is the hundreds digit of z?
3
Let c(s) = -98*s**3 + 4*s**2 - 19*s + 4. What is the thousands digit of c(-6)?
1
Suppose -13*a + 947 = -535. Suppose a*l + 1482 = 117*l. What is the tens digit of l?
9
Let x = 141 - 72. Let d = -86 + x. Let y(p) = -2*p + 20. What is the tens digit of y(d)?
5
Suppose -6*x = -135*x - 27*x + 4747860. What is the thousands digit of x?
0
Let a(x) = 3*x**2 + 23*x - 1. Suppose 5*t + 32 = t. Let r be a(t). Suppose -r*o - o = -1248. What is the units digit of o?
6
Let f = -3126 - -8873. What is the thousands digit of f?
5
Let t(d) be the second derivative of -d**5/10 - 14*d**4/3 - 7*d**3/6 + 59*d**2/2 + 36*d. What is the hundreds digit of t(-28)?
2
Let r be 36/270 - 634/30. Let o(u) = -23*u + 87. What is the tens digit of o(r)?
7
Let f(v) = 1338*v + 1273. What is the tens digit of f(10)?
5
Let o(r) = -2*r**2 - 55*r + 32. Let l be o(-28). What is the hundreds digit of -1*(5 + -936 - l)?
9
Suppose -w = -15 + 17. What is the units digit of (w - -7) + 40*3?
5
Let p be -2 + 3 - (-15)/6*1094. Suppose -21*r + p = -15*r. What is the units digit of r?
6
Suppose -n - 4*n = -2*d + 31, 0 = d + n + 2. Suppose 1504 = -5*k - d*q, 2*q - 891 = 8*k - 5*k. Let f = 475 + k. What is the hundreds digit of f?
1
Let t = -295 - -2708. What is the units digit of t?
3
What is the thousands digit of 52/(64932/6492 + -10)?
8
Let n(b) = 2*b + 41. Let z(u) = -7*u - 123. Let i(r) = -8*n(r) - 3*z(r). Let g be i(4). Suppose g = -s + 348. What is the tens digit of s?
8
Let c(v) = v**2 - 170*v + 850. What is the tens digit of c(-127)?
6
Let y(w) = 322*w - 565. What is the units digit of y(8)?
1
Let a = -149 - -154. Suppose -b - 581 = -r - 2*b, r = -a*b + 581. What is the units digit of r?
1
Suppose -3*j + 6805 = 4*q, 5*q - 87*j - 8483 = -83*j. What is the units digit of q?
9
Let v(h) = -h**3 + 19*h**2 - 38*h - 271. What is the thousands digit of v(-19)?
4
Let k(v) = v. Let u = -132 - -133. Let z be k(u). Suppose -4*m + z = 5*h - 165, 5*h - 165 = -5*m. What is the units digit of h?
4
Let n be 3/5 + 6/15. Let w(d) = 7*d**2 + 14*d. Let a(t) = -10*t**2 - 20*t. Let k(l) = -5*a(l) - 7*w(l). What is the units digit of k(n)?
3
Suppose -s - 2*n + 5*n = -11, 19 = 3*s - 2*n. Let i(j) = 3*j**3 - 3*j**2 - 15*j + 26. What is the units digit of i(s)?
1
Let m = 184129 - 128762. What is the ten thousands digit of m?
5
Let l = 276 + -292. What is the tens digit of (l/(-3))/((-44)/(-2574))?
1
Suppose 0 = s + 5*l + 77, s - 3*l + 53 = -2*l. Let n = -55 - s. Suppose 0*v - 72 = -n*v. What is the units digit of v?
6
Let r(n) be the third derivative of 129*n**5/20 + n**4/6 - 13*n**3/6 + 2*n**2 - 65*n. What is the tens digit of r(2)?
4
Suppose 4*d - 3545 - 2599 = 0. Suppose -7*i - d = -15*i. What is the units digit of i?
2
Let g(m) = 50*m + 20*m - 22*m + 77. What is the hundreds digit of g(16)?
8
Let s = 8919 + -5067. What is the tens digit of s?
5
Let n(c) = -6*c**3 - 7*c**2 - 167*c - 47. What is the units digit of n(-10)?
3
Let v = 45735 + -32559. Suppose -21*f - 2025 = -v. What is the units digit of f?
1
Let n = -8 + 34. Let r be ((8 - 13) + 5)/(-3). What is the units digit of n - (4 + -4)/(2 + r)?
6
Suppose 5*d = -3*f - 20 - 32, 0 = f + 3*d + 20. Let m(z) = -z**3 - 14*z**2 - 6*z - 20. What is the tens digit of m(f)?
6
Let p = -19613 + 38163. What is the units digit of p?
0
Let w(a) = -11*a - 68. Let d be w(-6). What is the units digit of -3 + ((-905)/(5/(-1)) - d)?
0
Let u(l) = 2*l**2 - 23*l + 518. What is the thousands digit of u(44)?
3
Let r = -4945 - -17559. What is the hundreds digit of r?
6
Let h(w) be the third derivative of w**4/4 - 5*w**3/2 + 617*w**2. Suppose -o = o - 30. What is the tens digit of h(o)?
7
Suppose -w - 4*w + 135 = 0. Let a = -25 + w. Suppose -93 = -a*g + 37. What is the tens digit of g?
6
What is the tens digit of 530/20 + -24 + 4582/4?
4
Let r = 10258 - -3385. What is the units digit of r?
3
Let j(b) = b**2 + 10*b - 3. Let m be j(-7). What is the tens digit of 5648/20 + (m/(-10))/(-6)?
8
Let h(c) = -c - 10. Let w = 140 - 5. Suppose -8*a - a = w. What is the units digit of h(a)?
5
Suppose 2*j + 3 + 1 = 0, 0 = 4*i - 5*j - 22. Let n be -6*(-1 - 25/15) + -1. Suppose -n = -3*r, 0 = -k - i*r - 0*r + 94. What is the units digit of k?
9
Suppose 952*r - 930*r = 698324. What is the tens digit of r?
4
Let q = 80 - 77. Suppose -q*u + 6 = i, 0 = -i + 2*i + 5*u - 6. Suppose -475 = i*x - 1945. What is the tens digit of x?
4
Suppose 545799 + 147309 = 234*d. What is the thousands digit of d?
2
Suppose 0 = -2*k - 3*x + 13, -38*k - 30 = -43*k - 5*x. Suppose 5*w = -k*m + 1780, 16*w = -2*m + 11*w + 721. What is the tens digit of m?
5
Suppose -3*f - 9 = -3*o, 5*f = -o + 4*o - 9. Suppose 5*w + 5*g - 3060 = 10*g, f = 4*w + g - 2433. What is the units digit of w?
9
Let f be 152/1*((-66)/12 - -5). What is the units digit of f/16 - -5 - 158/(-8)?
0
Suppose 6*s = 3*s. Suppose 0 = 2*i + f - 225, s*i + 2*f + 348 = 3*i. What is the units digit of 5/(-5) + -3 + i?
0
Let r be 12/9 - 10/3. What is the tens digit of (-26 + 0)*(r + -2)?
0
Suppose 0 = 9*x - 73708 - 69185. What is the ten thousands